{"id":744,"date":"2019-01-01T21:01:02","date_gmt":"2019-01-01T20:01:02","guid":{"rendered":"http:\/\/www.quandmaime.org\/?page_id=744"},"modified":"2019-01-06T12:39:54","modified_gmt":"2019-01-06T11:39:54","slug":"lassociation","status":"publish","type":"page","link":"https:\/\/quandmaime.org\/index.php\/lassociation\/","title":{"rendered":""},"content":{"rendered":"\n<h2><strong><em>L&rsquo;<\/em><\/strong>association<\/h2>\n\n\n\n<p class=\"has-text-color has-very-dark-gray-color\"> <br>C\u2019est un stage de fin d\u2019\u00e9tudes en informatique en 1997 qui a amen\u00e9e Amandine \u00e0 Madagascar. L\u00e0, au d\u00e9tour d\u2019une ruelle insalubre des bas quartiers d\u2019Antsirabe, elle a fait la rencontre d\u2019une petite fille crasseuse, meurtrie et affam\u00e9e qui a boulevers\u00e9 sa vie. Apr\u00e8s des mois de partage avec elle et ses amis, elle a d\u00e9cid\u00e9 de cr\u00e9er un refuge pour ces enfants dont la vie \u00e9tait si rude, si implacable. Ce f\u00fbt d\u2019abord un projet personnel, mais devant l\u2019ampleur de la t\u00e2che et les difficult\u00e9s innombrables, elle a d\u00e9cid\u00e9 de se faire aider\u00a0: ainsi est n\u00e9e, en 2001, l\u2019association \u00ab\u00a0Quand m\u2019aime\u00a0?\u00a0\u00bb\u2026  <\/p>\n\n\n\n<p>\u00ab Quand m\u2019aime ? \u00bb est une association sous la loi de 1901 d\u2019int\u00e9r\u00eat g\u00e9n\u00e9ral. Cr\u00e9\u00e9e le 9 mai 2001, elle est connue au journal officiel sous le n\u00b0 0595037728. Son RNA est le  W595004969.<br>Son bureau est constitu\u00e9 de 6 personnes. LaPr\u00e9sidente fondatrice est Amandine Deroo Porchet.\u00a0<br>Les d\u00e9penses annuelles avoisinent les 35 000\u20ac.<\/p>\n\n\n\n<p> Le but de l\u2019association est d\u2019aider les enfants, mais aussi les familles vivant dans les rues d\u2019Antsirabe, \u00e0 se construire un avenir meilleur, \u00e0 ne plus survivre mais \u00e0 vivre. L\u2019association apporte la nourriture, un toit, des v\u00eatements, leur procure des papiers, assure des soins, finance les \u00e9tudes et des petits projets \u00e0 ces sans abris, et, avant tout, leur apporte beaucoup d\u2019amour. <\/p>\n\n\n\n<p>\n\nLes dons permettent \u00e0 des orphelins de vivre dans le foyer, et \u00e0 des familles pauvres de ne pas abandonner leurs enfants, ni de les mutiler pour les envoyer mendier, ou encore de les prostituer.\n\n<\/p>\n","protected":false},"excerpt":{"rendered":"<p>L&rsquo;association C\u2019est un stage de fin d\u2019\u00e9tudes en informatique en 1997 qui a amen\u00e9e Amandine \u00e0 Madagascar. L\u00e0, au d\u00e9tour d\u2019une ruelle insalubre des bas quartiers d\u2019Antsirabe, elle a fait la rencontre d\u2019une petite fille crasseuse, meurtrie et affam\u00e9e qui a boulevers\u00e9 sa vie. Apr\u00e8s des mois de partage avec elle et ses amis, elle <\/p>\n","protected":false},"author":1,"featured_media":0,"parent":0,"menu_order":0,"comment_status":"closed","ping_status":"closed","template":"","meta":{"amp_status":""},"categories":[193],"tags":[],"_links":{"self":[{"href":"https:\/\/quandmaime.org\/index.php\/wp-json\/wp\/v2\/pages\/744"}],"collection":[{"href":"https:\/\/quandmaime.org\/index.php\/wp-json\/wp\/v2\/pages"}],"about":[{"href":"https:\/\/quandmaime.org\/index.php\/wp-json\/wp\/v2\/types\/page"}],"author":[{"embeddable":true,"href":"https:\/\/quandmaime.org\/index.php\/wp-json\/wp\/v2\/users\/1"}],"replies":[{"embeddable":true,"href":"https:\/\/quandmaime.org\/index.php\/wp-json\/wp\/v2\/comments?post=744"}],"version-history":[{"count":6,"href":"https:\/\/quandmaime.org\/index.php\/wp-json\/wp\/v2\/pages\/744\/revisions"}],"predecessor-version":[{"id":968,"href":"https:\/\/quandmaime.org\/index.php\/wp-json\/wp\/v2\/pages\/744\/revisions\/968"}],"wp:attachment":[{"href":"https:\/\/quandmaime.org\/index.php\/wp-json\/wp\/v2\/media?parent=744"}],"wp:term":[{"taxonomy":"category","embeddable":true,"href":"https:\/\/quandmaime.org\/index.php\/wp-json\/wp\/v2\/categories?post=744"},{"taxonomy":"post_tag","embeddable":true,"href":"https:\/\/quandmaime.org\/index.php\/wp-json\/wp\/v2\/tags?post=744"}],"curies":[{"name":"wp","href":"https:\/\/api.w.org\/{rel}","templated":true}]}}