{"id":5846,"date":"2021-02-26T16:56:46","date_gmt":"2021-02-26T15:56:46","guid":{"rendered":"https:\/\/quandmaime.org\/?page_id=5846"},"modified":"2021-02-26T17:28:22","modified_gmt":"2021-02-26T16:28:22","slug":"nos-realisations-2020","status":"publish","type":"page","link":"https:\/\/quandmaime.org\/index.php\/nos-realisations-2020\/","title":{"rendered":"Nos r\u00e9alisations 2020"},"content":{"rendered":"\t\t<div data-elementor-type=\"wp-post\" data-elementor-id=\"5846\" class=\"elementor elementor-5846\" data-elementor-settings=\"[]\">\n\t\t\t\t\t\t<div class=\"elementor-inner\">\n\t\t\t\t\t\t\t<div class=\"elementor-section-wrap\">\n\t\t\t\t\t\t\t<section class=\"elementor-section elementor-top-section elementor-element elementor-element-296e2ee elementor-section-boxed elementor-section-height-default elementor-section-height-default\" data-id=\"296e2ee\" data-element_type=\"section\">\n\t\t\t\t\t\t<div class=\"elementor-container elementor-column-gap-default\">\n\t\t\t\t\t\t\t<div class=\"elementor-row\">\n\t\t\t\t\t<div class=\"elementor-column elementor-col-100 elementor-top-column elementor-element elementor-element-23b9346\" data-id=\"23b9346\" data-element_type=\"column\">\n\t\t\t<div class=\"elementor-column-wrap elementor-element-populated\">\n\t\t\t\t\t\t\t<div class=\"elementor-widget-wrap\">\n\t\t\t\t\t\t<div class=\"elementor-element elementor-element-06d2411 elementor-widget elementor-widget-heading\" data-id=\"06d2411\" data-element_type=\"widget\" data-widget_type=\"heading.default\">\n\t\t\t\t<div class=\"elementor-widget-container\">\n\t\t\t<h2 class=\"elementor-heading-title elementor-size-default\">Nos R\u00e9alisations 2020<\/h2>\t\t<\/div>\n\t\t\t\t<\/div>\n\t\t\t\t<div class=\"elementor-element elementor-element-bde2732 elementor-widget elementor-widget-text-editor\" data-id=\"bde2732\" data-element_type=\"widget\" data-widget_type=\"text-editor.default\">\n\t\t\t\t<div class=\"elementor-widget-container\">\n\t\t\t\t\t<div class=\"elementor-text-editor elementor-clearfix\"><p>Voici les projets que nous avons pu concr\u00e9tiser en 2020&#8230;<\/p><\/div>\n\t\t\t\t<\/div>\n\t\t\t\t<\/div>\n\t\t\t\t<div class=\"elementor-element elementor-element-9b40032 elementor-tabs-view-horizontal elementor-widget elementor-widget-tabs\" data-id=\"9b40032\" data-element_type=\"widget\" data-widget_type=\"tabs.default\">\n\t\t\t\t<div class=\"elementor-widget-container\">\n\t\t\t\t\t<div class=\"elementor-tabs\">\n\t\t\t<div class=\"elementor-tabs-wrapper\" role=\"tablist\" >\n\t\t\t\t\t\t\t\t\t<div id=\"elementor-tab-title-1621\" class=\"elementor-tab-title elementor-tab-desktop-title\" aria-selected=\"true\" data-tab=\"1\" role=\"tab\" tabindex=\"0\" aria-controls=\"elementor-tab-content-1621\"><a href=\"\">R\u00e9alisation projet 1<\/a><\/div>\n\t\t\t\t\t\t\t\t\t<div id=\"elementor-tab-title-1622\" class=\"elementor-tab-title elementor-tab-desktop-title\" aria-selected=\"false\" data-tab=\"2\" role=\"tab\" tabindex=\"-1\" aria-controls=\"elementor-tab-content-1622\"><a href=\"\">R\u00e9alisation projet 2<\/a><\/div>\n\t\t\t\t\t\t\t<\/div>\n\t\t\t<div class=\"elementor-tabs-content-wrapper\" role=\"tablist\" aria-orientation=\"vertical\">\n\t\t\t\t\t\t\t\t\t<div class=\"elementor-tab-title elementor-tab-mobile-title\" aria-selected=\"true\" data-tab=\"1\" role=\"tab\" tabindex=\"0\" aria-controls=\"elementor-tab-content-1621\">R\u00e9alisation projet 1<\/div>\n\t\t\t\t\t<div id=\"elementor-tab-content-1621\" class=\"elementor-tab-content elementor-clearfix\" data-tab=\"1\" role=\"tabpanel\" aria-labelledby=\"elementor-tab-title-1621\" tabindex=\"0\" hidden=\"false\"><h2 id=\"mce_2\" class=\"editor-rich-text__tinymce mce-content-body\" role=\"textbox\" contenteditable=\"true\" aria-label=\"R\u00e9digez un titre\u2026\" aria-autocomplete=\"list\" aria-multiline=\"true\" data-is-placeholder-visible=\"false\"><strong><em>Projet<\/em><\/strong> de rev\u00eatement du sol de Fahitana ( gr\u00e2ce \u00e0 la Fondation AnBer)<\/h2>\n<p style=\"font-size: 13px; font-family: Lato, Arial, sans-serif;\"><img loading=\"lazy\" class=\"aligncenter size-full wp-image-1594\" style=\"font-size: 13px; opacity: 0.84;\" src=\"https:\/\/quandmaime.org\/wp-content\/uploads\/2020\/03\/Sol-Fahitana.png\" alt=\"\" width=\"699\" height=\"405\" srcset=\"https:\/\/quandmaime.org\/wp-content\/uploads\/2020\/03\/Sol-Fahitana.png 699w, https:\/\/quandmaime.org\/wp-content\/uploads\/2020\/03\/Sol-Fahitana-300x174.png 300w\" sizes=\"(max-width: 699px) 100vw, 699px\" \/><\/p>\n<p>Sur le site de Fahitana, le sol du rez de chauss\u00e9e est tr\u00e8s endommag\u00e9. Le site de Fahitana est une ancienne maison \u00e0 balcon datant de la colonie. L\u2019usure du temps qui passent et des multiples temp\u00eates se font ressentir, il est temps d\u00e9sormais de r\u00e9nover ce sol d\u00e9labr\u00e9 qui a v\u00e9cu plus que de raison.<\/p>\n<p><img loading=\"lazy\" class=\"aligncenter wp-image-1618 size-full\" src=\"https:\/\/quandmaime.org\/wp-content\/uploads\/2020\/03\/Prix-sol.png\" alt=\"\" width=\"693\" height=\"137\" srcset=\"https:\/\/quandmaime.org\/wp-content\/uploads\/2020\/03\/Prix-sol.png 693w, https:\/\/quandmaime.org\/wp-content\/uploads\/2020\/03\/Prix-sol-300x59.png 300w\" sizes=\"(max-width: 693px) 100vw, 693px\" \/><\/p>\n<p><strong>Soit au taux de change actuel (1\u20ac=3900Ary) un co\u00fbt de 1.000\u20ac pour ce projet.<\/strong><\/p><\/div>\n\t\t\t\t\t\t\t\t\t<div class=\"elementor-tab-title elementor-tab-mobile-title\" aria-selected=\"false\" data-tab=\"2\" role=\"tab\" tabindex=\"-1\" aria-controls=\"elementor-tab-content-1622\">R\u00e9alisation projet 2<\/div>\n\t\t\t\t\t<div id=\"elementor-tab-content-1622\" class=\"elementor-tab-content elementor-clearfix\" data-tab=\"2\" role=\"tabpanel\" aria-labelledby=\"elementor-tab-title-1622\" tabindex=\"0\" hidden=\"hidden\"><h2 role=\"textbox\" aria-label=\"R\u00e9digez un titre\u2026\" aria-autocomplete=\"list\" aria-multiline=\"true\" data-is-placeholder-visible=\"false\"><strong><em>Projet<\/em><\/strong> de mini infirmerie (gr\u00e2ce \u00e0 la fondation AnBer)<\/h2><div><img loading=\"lazy\" class=\"aligncenter size-full wp-image-1619\" src=\"https:\/\/quandmaime.org\/wp-content\/uploads\/2020\/03\/Infirmerie.png\" alt=\"\" width=\"535\" height=\"341\" srcset=\"https:\/\/quandmaime.org\/wp-content\/uploads\/2020\/03\/Infirmerie.png 535w, https:\/\/quandmaime.org\/wp-content\/uploads\/2020\/03\/Infirmerie-300x191.png 300w\" sizes=\"(max-width: 535px) 100vw, 535px\" \/><\/div><div>Sur le site de Fahitana, chaque jour, il y a des des malades devant la porte qui viennent demander de l\u2019aide. Des m\u00e8res entour\u00e9es de leurs petits attendent devant le portail durant des heures sur l\u2019herbe pour obtenir un soin, des m\u00e9dicaments. L\u2019abomination des conditions de vie de ces familles, qui vivent dans les ordures et se les disputent avec les cochons, dans la d\u00e9ch\u00e9ance absolue n\u2019est pas acceptable. Quand les moyens nous le permette nous les emmenons \u00e0 h\u00f4pital (payante \u00e0 Madagascar). Mais certains, se sentant indignes, ne veulent p\u00e9n\u00e9trer dans des centres de soins. Parfois, juste pour un peu de r\u00e9confort, nous lavons et massons les b\u00e9b\u00e9s, les soins sont d\u00e9risoires un peu de poudre d\u2019argile dont on explique soigneusement l\u2019emploi. R\u00e9guli\u00e8rement, nous faisons venir un m\u00e9decin \u00e0 Fahitana pour qu\u2019il r\u00e9alise les premiers soins de ces plus d\u00e9munis, chez nous, dans la confiance de notre site. Et lors de nos voyages, les infirmiers et infirmi\u00e8res qui nous accompagnent, ouvrent, le temps du s\u00e9jour, un dispensaire de fortune. Pour \u00e9viter, que ces soins ne soient plus dispens\u00e9s dans une chambre d\u2019enfants (pour des raisons d\u2019hygi\u00e8ne), nous souhaiterions construire une petite chambre, avec une entr\u00e9e ext\u00e9rieure ind\u00e9pendante du b\u00e2timent principal, d\u00e9di\u00e9e \u00e0 cette mini infirmerie.<\/div><p class=\"MsoNormal\" style=\"text-align: justify;\"><img loading=\"lazy\" class=\"aligncenter size-full wp-image-1620\" src=\"https:\/\/quandmaime.org\/wp-content\/uploads\/2020\/03\/Prix-infirmerie.png\" alt=\"\" width=\"567\" height=\"361\" srcset=\"https:\/\/quandmaime.org\/wp-content\/uploads\/2020\/03\/Prix-infirmerie.png 567w, https:\/\/quandmaime.org\/wp-content\/uploads\/2020\/03\/Prix-infirmerie-300x191.png 300w\" sizes=\"(max-width: 567px) 100vw, 567px\" \/><\/p><p>Soit au taux de change actuel (1\u20ac=3900Ary) un co\u00fbt de 1100\u20ac pour ce projet<\/p><\/div>\n\t\t\t\t\t\t\t<\/div>\n\t\t<\/div>\n\t\t\t\t<\/div>\n\t\t\t\t<\/div>\n\t\t\t\t\t\t<\/div>\n\t\t\t\t\t<\/div>\n\t\t<\/div>\n\t\t\t\t\t\t\t\t<\/div>\n\t\t\t\t\t<\/div>\n\t\t<\/section>\n\t\t\t\t<section class=\"elementor-section elementor-top-section elementor-element elementor-element-9b171d1 elementor-section-boxed elementor-section-height-default elementor-section-height-default\" data-id=\"9b171d1\" data-element_type=\"section\">\n\t\t\t\t\t\t<div class=\"elementor-container elementor-column-gap-default\">\n\t\t\t\t\t\t\t<div class=\"elementor-row\">\n\t\t\t\t\t<div class=\"elementor-column elementor-col-100 elementor-top-column elementor-element elementor-element-37611b7\" data-id=\"37611b7\" data-element_type=\"column\">\n\t\t\t<div class=\"elementor-column-wrap elementor-element-populated\">\n\t\t\t\t\t\t\t<div class=\"elementor-widget-wrap\">\n\t\t\t\t\t\t<div class=\"elementor-element elementor-element-8dfabe4 elementor-widget elementor-widget-wp-widget-paypal_donations\" data-id=\"8dfabe4\" data-element_type=\"widget\" data-widget_type=\"wp-widget-paypal_donations.default\">\n\t\t\t\t<div class=\"elementor-widget-container\">\n\t\t\t<h5>Faire un don<\/h5><p>Si comme la fondation AnBer, vous souhaitez nous aider \u00e0 r\u00e9aliser nos projets 2021 ...<\/p>\n<!-- Begin PayPal Donations by https:\/\/www.tipsandtricks-hq.com\/paypal-donations-widgets-plugin -->\n\n<form action=\"https:\/\/www.paypal.com\/cgi-bin\/webscr\" method=\"post\">\n    <div class=\"paypal-donations\">\n        <input type=\"hidden\" name=\"cmd\" value=\"_donations\" \/>\n        <input type=\"hidden\" name=\"bn\" value=\"TipsandTricks_SP\" \/>\n        <input type=\"hidden\" name=\"business\" value=\"NLVFTAZ4DTQAA\" \/>\n        <input type=\"hidden\" name=\"return\" value=\"https:\/\/www.quandmaime.org\/index.php\/merci\/\" \/>\n        <input type=\"hidden\" name=\"rm\" value=\"0\" \/>\n        <input type=\"hidden\" name=\"currency_code\" value=\"EUR\" \/>\n        <input type=\"image\" style=\"cursor: pointer;\" src=\"https:\/\/www.paypalobjects.com\/fr_FR\/FR\/i\/btn\/btn_donateCC_LG.gif\" name=\"submit\" alt=\"PayPal - The safer, easier way to pay online.\" \/>\n        <img loading=\"lazy\" alt=\"\" src=\"https:\/\/www.paypalobjects.com\/en_US\/i\/scr\/pixel.gif\" width=\"1\" height=\"1\" \/>\n    <\/div>\n<\/form>\n<!-- End PayPal Donations -->\n\t\t<\/div>\n\t\t\t\t<\/div>\n\t\t\t\t\t\t<\/div>\n\t\t\t\t\t<\/div>\n\t\t<\/div>\n\t\t\t\t\t\t\t\t<\/div>\n\t\t\t\t\t<\/div>\n\t\t<\/section>\n\t\t\t\t<section class=\"elementor-section elementor-top-section elementor-element elementor-element-f1d10e6 elementor-section-boxed elementor-section-height-default elementor-section-height-default\" data-id=\"f1d10e6\" data-element_type=\"section\">\n\t\t\t\t\t\t<div class=\"elementor-container elementor-column-gap-default\">\n\t\t\t\t\t\t\t<div class=\"elementor-row\">\n\t\t\t\t\t<div class=\"elementor-column elementor-col-100 elementor-top-column elementor-element elementor-element-6242de2\" data-id=\"6242de2\" data-element_type=\"column\">\n\t\t\t<div class=\"elementor-column-wrap elementor-element-populated\">\n\t\t\t\t\t\t\t<div class=\"elementor-widget-wrap\">\n\t\t\t\t\t\t<div class=\"elementor-element elementor-element-2fab977 elementor-button-danger elementor-align-center elementor-widget elementor-widget-button\" data-id=\"2fab977\" data-element_type=\"widget\" data-widget_type=\"button.default\">\n\t\t\t\t<div class=\"elementor-widget-container\">\n\t\t\t\t\t<div class=\"elementor-button-wrapper\">\n\t\t\t<a href=\"http:\/\/www.dev.quandmaime.org\/index.php\/nosprojets2019\/\" class=\"elementor-button-link elementor-button elementor-size-sm\" role=\"button\">\n\t\t\t\t\t\t<span class=\"elementor-button-content-wrapper\">\n\t\t\t\t\t\t<span class=\"elementor-button-icon elementor-align-icon-left\">\n\t\t\t\t\t\t\t\t\t<i class=\"fa fa-adn\" aria-hidden=\"true\"><\/i>\n\t\t\t\t\t\t\t<\/span>\n\t\t\t\t\t\t<span class=\"elementor-button-text\">Haut de page<\/span>\n\t\t<\/span>\n\t\t\t\t\t<\/a>\n\t\t<\/div>\n\t\t\t\t<\/div>\n\t\t\t\t<\/div>\n\t\t\t\t\t\t<\/div>\n\t\t\t\t\t<\/div>\n\t\t<\/div>\n\t\t\t\t\t\t\t\t<\/div>\n\t\t\t\t\t<\/div>\n\t\t<\/section>\n\t\t\t\t\t\t<\/div>\n\t\t\t\t\t\t<\/div>\n\t\t\t\t\t<\/div>\n\t\t","protected":false},"excerpt":{"rendered":"<p>Nos R\u00e9alisations 2020 Voici les projets que nous avons pu concr\u00e9tiser en 2020&#8230; R\u00e9alisation projet 1 R\u00e9alisation projet 2 R\u00e9alisation projet 1 Projet de rev\u00eatement du sol de Fahitana ( gr\u00e2ce \u00e0 la Fondation AnBer) Sur le site de Fahitana, le sol du rez de chauss\u00e9e est tr\u00e8s endommag\u00e9. Le site de Fahitana est une <\/p>\n","protected":false},"author":1,"featured_media":0,"parent":0,"menu_order":0,"comment_status":"closed","ping_status":"closed","template":"","meta":{"amp_status":""},"categories":[675],"tags":[],"_links":{"self":[{"href":"https:\/\/quandmaime.org\/index.php\/wp-json\/wp\/v2\/pages\/5846"}],"collection":[{"href":"https:\/\/quandmaime.org\/index.php\/wp-json\/wp\/v2\/pages"}],"about":[{"href":"https:\/\/quandmaime.org\/index.php\/wp-json\/wp\/v2\/types\/page"}],"author":[{"embeddable":true,"href":"https:\/\/quandmaime.org\/index.php\/wp-json\/wp\/v2\/users\/1"}],"replies":[{"embeddable":true,"href":"https:\/\/quandmaime.org\/index.php\/wp-json\/wp\/v2\/comments?post=5846"}],"version-history":[{"count":11,"href":"https:\/\/quandmaime.org\/index.php\/wp-json\/wp\/v2\/pages\/5846\/revisions"}],"predecessor-version":[{"id":5894,"href":"https:\/\/quandmaime.org\/index.php\/wp-json\/wp\/v2\/pages\/5846\/revisions\/5894"}],"wp:attachment":[{"href":"https:\/\/quandmaime.org\/index.php\/wp-json\/wp\/v2\/media?parent=5846"}],"wp:term":[{"taxonomy":"category","embeddable":true,"href":"https:\/\/quandmaime.org\/index.php\/wp-json\/wp\/v2\/categories?post=5846"},{"taxonomy":"post_tag","embeddable":true,"href":"https:\/\/quandmaime.org\/index.php\/wp-json\/wp\/v2\/tags?post=5846"}],"curies":[{"name":"wp","href":"https:\/\/api.w.org\/{rel}","templated":true}]}}